emainder when 40396 is divided by 8044.
176
Calculate the remainder when 29343 is divided by 103.
91
What is the remainder when 235330 is divided by 435?
430
Calculate the remainder when 178798 is divided by 16.
14
What is the remainder when 9418 is divided by 9019?
399
Calculate the remainder when 8655 is divided by 864.
15
What is the remainder when 207083 is divided by 77?
30
Calculate the remainder when 32037 is divided by 24.
21
What is the remainder when 4822 is divided by 239?
42
Calculate the remainder when 537755 is divided by 396.
383
Calculate the remainder when 1673 is divided by 516.
125
Calculate the remainder when 365118 is divided by 815.
813
What is the remainder when 57879 is divided by 120?
39
What is the remainder when 628355 is divided by 57122?
13
What is the remainder when 17215 is divided by 500?
215
What is the remainder when 4875 is divided by 155?
70
Calculate the remainder when 1228390 is divided by 564.
562
Calculate the remainder when 18864 is divided by 953.
757
What is the remainder when 7956 is divided by 708?
168
What is the remainder when 5004 is divided by 4961?
43
Calculate the remainder when 16138 is divided by 12.
10
What is the remainder when 33556 is divided by 299?
68
Calculate the remainder when 5454 is divided by 495.
9
Calculate the remainder when 2082 is divided by 601.
279
What is the remainder when 8840 is divided by 2?
0
What is the remainder when 1841 is divided by 114?
17
What is the remainder when 2860 is divided by 122?
54
What is the remainder when 41305 is divided by 20636?
33
Calculate the remainder when 72464 is divided by 36.
32
What is the remainder when 32345 is divided by 252?
89
What is the remainder when 2011 is divided by 1983?
28
What is the remainder when 88168 is divided by 683?
61
What is the remainder when 7472 is divided by 6?
2
What is the remainder when 15900 is divided by 1986?
12
What is the remainder when 798058 is divided by 285?
58
Calculate the remainder when 53792 is divided by 503.
474
What is the remainder when 89593 is divided by 38?
27
Calculate the remainder when 19278 is divided by 227.
210
Calculate the remainder when 4982 is divided by 335.
292
What is the remainder when 254 is divided by 50?
4
What is the remainder when 4481 is divided by 202?
37
Calculate the remainder when 2889 is divided by 2888.
1
What is the remainder when 26082 is divided by 10?
2
What is the remainder when 418 is divided by 183?
52
Calculate the remainder when 30293 is divided by 49.
11
What is the remainder when 876 is divided by 115?
71
Calculate the remainder when 15573 is divided by 15490.
83
What is the remainder when 68288 is divided by 5687?
44
What is the remainder when 5386 is divided by 1581?
643
Calculate the remainder when 62980 is divided by 926.
12
Calculate the remainder when 3978086 is divided by 15.
11
What is the remainder when 112722 is divided by 679?
8
Calculate the remainder when 2593 is divided by 147.
94
Calculate the remainder when 773 is divided by 30.
23
Calculate the remainder when 2292 is divided by 243.
105
Calculate the remainder when 27658 is divided by 178.
68
Calculate the remainder when 770583 is divided by 58.
53
What is the remainder when 6267 is divided by 695?
12
What is the remainder when 259035 is divided by 46?
9
What is the remainder when 20635 is divided by 36?
7
Calculate the remainder when 463005 is divided by 1513.
27
Calculate the remainder when 7126 is divided by 94.
76
What is the remainder when 87737 is divided by 2039?
60
Calculate the remainder when 26467 is divided by 2035.
12
Calculate the remainder when 108634 is divided by 280.
274
What is the remainder when 157754 is divided by 139?
128
Calculate the remainder when 10119 is divided by 184.
183
What is the remainder when 117749 is divided by 125?
124
Calculate the remainder when 52661 is divided by 483.
14
Calculate the remainder when 39183 is divided by 31.
30
What is the remainder when 70466 is divided by 232?
170
What is the remainder when 1758 is divided by 698?
362
Calculate the remainder when 1534 is divided by 156.
130
Calculate the remainder when 157078 is divided by 55.
53
What is the remainder when 117267 is divided by 66?
51
What is the remainder when 32035 is divided by 32020?
15
What is the remainder when 23255 is divided by 171?
170
Calculate the remainder when 428655 is divided by 324.
3
Calculate the remainder when 4138 is divided by 1678.
782
What is the remainder when 62283 is divided by 20724?
111
What is the remainder when 7935 is divided by 220?
15
What is the remainder when 5619 is divided by 709?
656
Calculate the remainder when 17960 is divided by 184.
112
Calculate the remainder when 881579 is divided by 1221.
17
Calculate the remainder when 66631 is divided by 501.
499
What is the remainder when 31581 is divided by 12?
9
What is the remainder when 1106 is divided by 123?
122
What is the remainder when 130205 is divided by 26038?
15
What is the remainder when 114251 is divided by 28557?
23
Calculate the remainder when 884 is divided by 572.
312
What is the remainder when 6260 is divided by 6105?
155
Calculate the remainder when 112841 is divided by 11283.
11
Calculate the remainder when 34482 is divided by 2651.
19
What is the remainder when 163257 is divided by 247?
237
What is the remainder when 2224 is divided by 52?
40
Calculate the remainder when 55640 is divided by 11124.
20
What is the remainder when 15267 is divided by 807?
741
Calculate the remainder when 8783 is divided by 339.
308
Calculate the remainder when 3650 is divided by 871.
166
What is the remainder when 229916 is divided by 74?
72
What is the remainder when 10806618 is divided by 1483?
1480
What is the remainder when 5775995 is divided by 444?
443
Calculate the remainder when 6777 is divided by 5.
2
What is the remainder when 2468 is divided by 541?
304
Calculate the remainder when 32813 is divided by 1262.
1
Calculate the remainder when 106970 is divided by 369.
329
Calculate the remainder when 204483 is divided by 28.
27
Calculate the remainder when 11615 is divided by 7.
2
What is the remainder when 37542 is divided by 6249?
48
Calculate the remainder when 48723 is divided by 955.
18
What is the remainder when 1419 is divided by 139?
29
Calculate the remainder when 42359 is divided by 54.
23
What is the remainder when 3497 is divided by 516?
401
Calculate the remainder when 798361 is divided by 2946.
2941
What is the remainder when 40286 is divided by 272?
30
What is the remainder when 5833 is divided by 417?
412
Calculate the remainder when 115587 is divided by 66.
21
Calculate the remainder when 102924 is divided by 30.
24
Calculate the remainder when 2170 is divided by 1577.
593
What is the remainder when 111213 is divided by 22?
3
Calculate the remainder when 52917 is divided by 1394.
1339
Calculate the remainder when 24567 is divided by 351.
348
Calculate the remainder when 18352 is divided by 69.
67
What is the remainder when 6091 is divided by 3040?
11
What is the remainder when 1465 is divided by 245?
240
Calculate the remainder when 226039 is divided by 58.
13
Calculate the remainder when 1295696 is divided by 25.
21
What is the remainder when 18709 is divided by 40?
29
What is the remainder when 2554 is divided by 254?
14
What is the remainder when 26038 is divided by 13010?
18
Calculate the remainder when 388322 is divided by 129440.
2
Calculate the remainder when 51639 is divided by 112.
7
Calculate the remainder when 17008 is divided by 119.
110
What is the remainder when 960 is divided by 112?
64
Calculate the remainder when 1854 is divided by 377.
346
What is the remainder when 17127 is divided by 8519?
89
Calculate the remainder when 10628 is divided by 759.
2
Calculate the remainder when 470713 is divided by 235348.
17
What is the remainder when 12066 is divided by 2040?
1866
Calculate the remainder when 12057 is divided by 309.
6
Calculate the remainder when 406998 is divided by 88.
86
What is the remainder when 2204 is divided by 1274?
930
Calculate the remainder when 8475 is divided by 1411.
9
Calculate the remainder when 745 is divided by 78.
43
What is the remainder when 5644 is divided by 5622?
22
Calculate the remainder when 5419 is divided by 161.
10